 626 = 5*u + 201. Suppose -4*b + 59 + u = 0. Let y = 104 - b. List the prime factors of y.
2, 17
Let a = 33520 + -11105. What are the prime factors of a?
5, 4483
Let i = -485 + 1115. List the prime factors of (-6)/10*-1 + 211302/i.
2, 3, 7
Let z(y) = 4*y - 27. Let h(r) = -1. Let i(x) = -18*h(x) - 2*z(x). What are the prime factors of i(-16)?
2, 5
Suppose 2*l - l - 4*a = -6, -5*l - 106 = -a. List the prime factors of 12528/42 - l/(-77).
2, 149
Suppose 3*c = 2*j - 865, 5*j - 2158 = c + 2*c. Let a = j + -65. What are the prime factors of a?
2, 3, 61
Let y be -12*4*(-6)/(-48) - -10. Suppose 4*k = 2*f - 474, 2*f - k = -4*k + 467. Suppose 2*i = y*t - 456, -340 = -5*t + 5*i + f. List the prime factors of t.
113
Let p = -299 - -907. Suppose 4*w = -z + 310, 2*z - p = -4*w - 0*w. List the prime factors of z.
2, 149
Suppose 8 = -2*k, 4*t + 2*k + 5138 = 181622. What are the prime factors of t?
44123
Let l(v) = v**2 - 2*v + 4. Let t be l(3). What are the prime factors of t - 7206/(-18) - 2/(-3)?
2, 3, 17
Suppose -76741 - 14822 = -10*o + 13027. What are the prime factors of o?
10459
Let f be (-4 + 1)/(-4 + 33/6). Let u(y) = 7*y**3 - 4*y**2 - 5*y - 4. Let i be u(f). Let m = -26 - i. List the prime factors of m.
2, 5
Let n(z) = 14*z**2 + 7*z - 4. Suppose -16 = -4*l + 4*v, -l + 3*v + 10 - 6 = 0. What are the prime factors of n(l)?
2, 31
Let l(z) = -z**3 - 58*z**2 - 46*z - 18. List the prime factors of l(-60).
2, 3, 1657
Suppose -2*q = 88 + 298. Let h be ((-150)/(-60))/(2/(-76)). Let a = h - q. List the prime factors of a.
2, 7
Let d = -16345 + 27508. What are the prime factors of d?
3, 61
Let a(s) be the third derivative of -17*s**5/120 + s**4/8 + 8*s**3/3 - 5*s**2. Let q(k) be the first derivative of a(k). What are the prime factors of q(-5)?
2, 11
Let z be (1 + 402/(-3))/((-4)/16). Let s = 1340 - z. What are the prime factors of s?
2, 101
Let o(n) = -2*n**2 + 2*n - 49. Let t be o(-9). Let l = 523 + t. What are the prime factors of l?
2, 3, 7
Let o = -819 - -1425. Let j = 1052 - o. List the prime factors of j.
2, 223
Let n(u) be the third derivative of u**5/12 - 25*u**4/24 - 19*u**3/6 - 144*u**2. List the prime factors of n(14).
13, 47
Let p(t) = 73*t**2 - 4*t - 10. List the prime factors of p(8).
2, 5, 463
Let b = 1661 - 1660. Let v(i) = -45*i**2 + 3*i - 3. Let y(x) = 22*x**2 - x + 1. Let r(p) = 4*v(p) + 10*y(p). List the prime factors of r(b).
2, 5
Let p be 1170/9 - (0 + (-1 - -2)). Let i = p - 126. What are the prime factors of i?
3
Let f = -1506 - -1030. List the prime factors of (-5863)/(-17) - 56/f.
3, 5, 23
Let a = -656 + 463. Let w = -157 - a. What are the prime factors of w?
2, 3
Let j(d) = -d**3 + 15*d**2 - 52*d - 2. Let u be j(9). Let o(s) be the third derivative of 13*s**4/24 + 41*s**3/6 + s**2. List the prime factors of o(u).
3, 83
Let i = 59 + -54. Suppose i*b = 3 + 7. Suppose 3*x - 6*x + 8 = p, 12 = 5*x + b*p. List the prime factors of x.
2
What are the prime factors of ((-209680)/(-24))/(10/15)?
5, 2621
Let y = 21893 - 12884. List the prime factors of y.
3, 7, 11, 13
Let m(k) = -18*k - 6. Let l = -58 - -62. Suppose l*i - 7*i - 6 = 0. What are the prime factors of m(i)?
2, 3, 5
Let f be (169 - 3)/(4/(-2)). Let r = 85 + f. Suppose r*j - 172 - 54 = 0. What are the prime factors of j?
113
Let d be (-5450)/12 - (3 - (-38)/(-12)). Let x = 936 + d. What are the prime factors of x?
2, 241
Suppose 280*a = -u + 276*a + 44026, -6*u = -4*a - 263960. What are the prime factors of u?
2, 3, 7333
Let w(v) = -v**3 - 2*v**2 - 3*v + 60. Suppose 0 = -37*l + 30*l. Let z be w(l). Let p = 151 - z. List the prime factors of p.
7, 13
Suppose 0 = -2*x + r, 0*x - 4*r + 6 = -5*x. Let s be (-1)/(3*x/(-12)) - -3. Suppose 313 = s*g + 4*n - 3*n, 4*g - 3*n = 239. What are the prime factors of g?
2, 31
Let j = -6269 + 10955. List the prime factors of j.
2, 3, 11, 71
Let x(z) = -z**3 + 5*z**2 + 40*z - 13. List the prime factors of x(-13).
13, 193
Let u(m) = 99*m + 33. Let g(d) = d - 2. Let n(v) = 5*g(v) - u(v). List the prime factors of n(-5).
7, 61
Let w = -585 + 588. Suppose -3*x = -w*p - 4044, -3*x + 4036 = 7*p - 8*p. List the prime factors of x.
2, 3, 7
Let p = -322 - -325. Suppose 4*h - 247 = p*h - n, -3*h = n - 749. List the prime factors of h.
251
Let a(j) = 1664*j - 1777. List the prime factors of a(6).
29, 283
Let q = 18001 - -7858. What are the prime factors of q?
19, 1361
Suppose -2*d + 5*j = 2*j - 5218, -4*j = -4*d + 10444. Let v = -1737 + d. What are the prime factors of v?
2, 439
Suppose 110*f - 106*f - 5*k - 26087 = 0, -6525 = -f - 2*k. List the prime factors of f.
11, 593
Let l = 2365 + -2066. List the prime factors of l.
13, 23
Let v(g) = -355 + 35*g - 99*g + 91*g. List the prime factors of v(14).
23
Suppose 20*j = 35*j - 11280. Let m = j + 231. What are the prime factors of m?
983
Let g = -281 - -284. Suppose 0 = g*c + 5*s - 1309, s - 1905 + 604 = -3*c. List the prime factors of c.
433
Suppose 6*p - 38 - 646 = 0. Suppose -g + 2*t = -p, -3*g + 307 = 2*t - t. Let s = g + -40. List the prime factors of s.
2
Suppose 387 = r + 430. Let j be -80 + (2 - (1 - 0)). Let i = r - j. List the prime factors of i.
2, 3
Let b be 1/(-1) + (-98)/(-14). Suppose b*c - 5253 = -3*n + c, 3*c - 3501 = -2*n. List the prime factors of n.
2, 3, 97
Let y be 214/(-30) + (-6)/(-45). Let f(i) = -i**3 - 8*i**2 - 5*i + 14. Let s be f(y). List the prime factors of 2 - (-92 - (-4 + s)).
2, 3, 5
Suppose -r = 4*v - 2669 - 22132, 4*r - 99281 = -5*v. List the prime factors of r.
7, 3547
What are the prime factors of 86925/(-50)*(12/3 + -6)?
3, 19, 61
Let i be (0 - (-2)/1)*42/12. Suppose -4*m + i*m - 894 = 0. List the prime factors of m.
2, 149
What are the prime factors of (0 + 4*-1)*(-160641)/117?
2, 1373
Suppose -w = -5*x - 10093, -4*w + 35*x = 33*x - 40372. List the prime factors of w.
10093
Suppose 32*w = 27*w - 9145. Let z = w - -2849. List the prime factors of z.
2, 3, 5, 17
Let p = 87249 - 60878. What are the prime factors of p?
26371
Suppose -40*r - 31*r + 152723 + 146542 = 0. List the prime factors of r.
3, 5, 281
Let g = -298 - -2409. List the prime factors of g.
2111
Let k(s) = 3*s**3 + 134*s**2 - 85*s + 115. What are the prime factors of k(-43)?
5, 19, 137
List the prime factors of ((-144)/96)/((-3)/3812).
2, 953
Suppose 4*w = 7*j - 2*j + 53, -15 = j - 3*w. What are the prime factors of 4/j + 15/(1080/79304)?
3, 367
Suppose -155*w = -208*w + 1849488. List the prime factors of w.
2, 3, 727
Let t(a) be the first derivative of -a**2 - 20*a - 2. Let o be t(-4). Let d(z) = -9*z - 40. What are the prime factors of d(o)?
2, 17
Let p(z) = -3*z + 46. Let c be p(22). What are the prime factors of (16/c)/((-14)/8295)?
2, 3, 79
Let n = 24 + -35. Let h = 12 + n. Suppose 2*q - 123 + h = 0. List the prime factors of q.
61
Let z be (-4 - -8) + (8 + -3)/(-5). Suppose 2636 = z*h - 1021. What are the prime factors of h?
23, 53
Let u(a) = a + 136. Let n be u(-31). What are the prime factors of (-3)/(18/(-2824))*n/70?
2, 353
Let n be 0/2 - (2996 + -14 + -16). What are the prime factors of (12 - n)*(-4)/(-8)?
1489
Suppose -5*a - 50 = 5*c, -4*a - 46 = a + 4*c. Let q be a/(-8) - ((-27)/(-4))/9. What are the prime factors of 13 - (-4 + 4)*(1 - q)?
13
Suppose 7*g - 10430 = 35261 - 11209. What are the prime factors of g?
2, 3, 821
List the prime factors of (-2 + 0)*(-696069)/198.
79, 89
Suppose 24 = -4*u, -6*x + 2*x + 3*u = -39410. What are the prime factors of x?
2, 1231
Let x be (-1120)/(-392)*(-14)/4*1. List the prime factors of ((-58)/x + -1)*3280/16.
2, 3, 41
Suppose -5*x + 2*g + 2364 = 0, 0 = 10*g - 7*g - 9. Let a = 1530 - x. List the prime factors of a.
2, 3, 11
Let c(k) = k**3 - 14*k**2 + 17*k + 1. Let s be c(12). Let f = s + 120. List the prime factors of ((-1)/1 + 0)/(f/(-8066)).
2, 109
Suppose -15*v + 3*v - 924 = 0. Let l be (-4803)/(-21) - 2 - 22/v. List the prime factors of l/3 + 4/(-6).
3, 5
Let l(g) = 3*g**3 + 33*g**2 + 2. Let i be l(-11). Suppose -4*x + b = -1310, 7*b - 6*b + i = 0. List the prime factors of x.
3, 109
Suppose -4*d + 18004 = 9*d - 23297. What are the prime factors of d?
3, 353
Suppose 4*s - 4*d = 3*s + 17607, 3*d = -3*s + 52761. What are the prime factors of s?
7, 359
Suppose -4*l - 15 - 1 = 0, -2*p = -l - 19144. What are the prime factors of p?
2, 3, 5, 11, 29
Let u(g) = -748